{"id":971,"date":"2019-01-26T20:20:11","date_gmt":"2019-01-26T20:20:11","guid":{"rendered":"https:\/\/bessopulita.ch\/?page_id=971"},"modified":"2020-05-18T08:03:53","modified_gmt":"2020-05-18T08:03:53","slug":"statuto","status":"publish","type":"page","link":"https:\/\/www.bessopulita.ch\/index.php\/chi-siamo\/statuto\/","title":{"rendered":"Statuto"},"content":{"rendered":"\t\t<div data-elementor-type=\"wp-post\" data-elementor-id=\"971\" class=\"elementor elementor-971\">\n\t\t\t\t\t\t<section class=\"elementor-section elementor-top-section elementor-element elementor-element-65d8c09 elementor-section-stretched elementor-section-height-min-height elementor-section-boxed elementor-section-height-default elementor-section-items-middle\" data-id=\"65d8c09\" data-element_type=\"section\" data-e-type=\"section\" data-settings=\"{&quot;stretch_section&quot;:&quot;section-stretched&quot;,&quot;background_background&quot;:&quot;classic&quot;}\">\n\t\t\t\t\t\t<div class=\"elementor-container elementor-column-gap-default\">\n\t\t\t\t\t<div class=\"elementor-column elementor-col-100 elementor-top-column elementor-element elementor-element-5cc2367\" data-id=\"5cc2367\" data-element_type=\"column\" data-e-type=\"column\">\n\t\t\t<div class=\"elementor-widget-wrap elementor-element-populated\">\n\t\t\t\t\t\t\t<\/div>\n\t\t<\/div>\n\t\t\t\t\t<\/div>\n\t\t<\/section>\n\t\t\t\t<section class=\"elementor-section elementor-top-section elementor-element elementor-element-ecdfc44 elementor-section-stretched elementor-section-boxed elementor-section-height-default elementor-section-height-default\" data-id=\"ecdfc44\" data-element_type=\"section\" data-e-type=\"section\" data-settings=\"{&quot;stretch_section&quot;:&quot;section-stretched&quot;}\">\n\t\t\t\t\t\t<div class=\"elementor-container elementor-column-gap-default\">\n\t\t\t\t\t<div class=\"elementor-column elementor-col-100 elementor-top-column elementor-element elementor-element-f8a56d4\" data-id=\"f8a56d4\" data-element_type=\"column\" data-e-type=\"column\">\n\t\t\t<div class=\"elementor-widget-wrap elementor-element-populated\">\n\t\t\t\t\t\t<div class=\"elementor-element elementor-element-e0c2675 elementor-widget elementor-widget-text-editor\" data-id=\"e0c2675\" data-element_type=\"widget\" data-e-type=\"widget\" data-widget_type=\"text-editor.default\">\n\t\t\t\t<div class=\"elementor-widget-container\">\n\t\t\t\t\t\t\t\t\t<p><span style=\"color: #000000;\"><b><strong style=\"font-style: inherit;\">1.\u00a0 Ragione sociale<br \/><\/strong><\/b>Col nome di &#8220;BESSO PULITA!&#8221; \u00e8 costituita un\u2019Associazione ai sensi degli art. 60 e seguenti del CCS.<\/span><\/p><p><span style=\"color: #000000;\"><b><strong style=\"font-style: inherit;\">2.\u00a0 Scopo<br \/><\/strong><\/b>L\u2019Associazione, che \u00e8 apartitica e aconfessionale, ha lo scopo di:<\/span><br \/><span style=\"color: #000000;\"><i><em style=\"font-weight: inherit;\"><b><strong style=\"font-style: inherit;\">a.<\/strong><\/b><span style=\"font-weight: inherit;\"><b><strong style=\"font-style: inherit;\">\u00a0 \u00a0<\/strong><\/b>\u00a0\u00a0\u00a0<\/span><\/em><\/i><i><em style=\"font-weight: inherit;\">promuovere la responsabilit\u00e0 dei cittadini e delle cittadine nei confronti dello spaccio e del consumo di droghe;<\/em><\/i><\/span><\/p><p><span style=\"color: #000000;\"><i><em style=\"font-weight: inherit;\"><b><strong style=\"font-style: inherit;\">b.<\/strong><\/b><span style=\"font-weight: inherit;\">\u00a0 \u00a0 \u00a0<\/span><\/em><\/i><i><em style=\"font-weight: inherit;\">sensibilizzare e informare i cittadini e le cittadine sugli effetti riprovevoli dello spaccio e del consumo di droghe;<\/em><\/i><\/span><\/p><p><span style=\"color: #000000;\"><i><em style=\"font-weight: inherit;\"><b><strong style=\"font-style: inherit;\">c.<\/strong><\/b><span style=\"font-weight: inherit;\">\u00a0 \u00a0 \u00a0\u00a0<\/span><\/em><\/i><i><em style=\"font-weight: inherit;\">programmare e promuovere eventi e manifestazioni nel quartiere di Besso per occupare il territorio, al fine di\u00a0dissuadere gli spacciatori e i\u00a0 consumatori di droghe a effettuare simili commerci;<\/em><\/i><\/span><\/p><p><span style=\"color: #000000;\"><i><em style=\"font-weight: inherit;\"><b><strong style=\"font-style: inherit;\">d.<\/strong><\/b><span style=\"font-weight: inherit;\">\u00a0 \u00a0 \u00a0<\/span><\/em><\/i><i><em style=\"font-weight: inherit;\">collaborare con iniziative simili in altri quartieri di Lugano e in altri Comuni colpiti dallo stesso fenomeno;<\/em><\/i><\/span><\/p><p><span style=\"color: #000000;\"><i><em style=\"font-weight: inherit;\"><b><strong style=\"font-style: inherit;\">e.<\/strong><\/b><span style=\"font-weight: inherit;\"><b><strong style=\"font-style: inherit;\">\u00a0<\/strong><\/b>\u00a0\u00a0\u00a0<\/span><\/em><\/i><i><em style=\"font-weight: inherit;\">programmare e promuovere eventi e manifestazioni nel quartiere di Besso per favorire la socializzazione e la comprensione reciproca;<\/em><\/i><\/span><\/p><p><span style=\"color: #000000;\"><i><em style=\"font-weight: inherit;\"><b><strong style=\"font-style: inherit;\">f.<\/strong><\/b><span style=\"font-weight: inherit;\">\u00a0 \u00a0\u00a0<\/span><\/em><\/i><i><em style=\"font-weight: inherit;\">organizzare corsi di formazione\/informazione e occasioni d\u2019incontro e svago, in particolare per giovani e persone anziane;<\/em><\/i><\/span><\/p><p><span style=\"color: #000000;\"><i><em style=\"font-weight: inherit;\"><b><strong style=\"font-style: inherit;\">g.<\/strong><\/b><span style=\"font-weight: inherit;\">\u00a0 \u00a0<\/span><\/em><\/i><i><em style=\"font-weight: inherit;\">contribuire a migliorare la qualit\u00e0 di vita della popolazione, impegnandosi a preservare i valori ambientali, paesaggistici e storici, nonch\u00e9 l\u2019identit\u00e0 del quartiere di Besso\u201d.<\/em><\/i><\/span><\/p><p><span style=\"color: #000000;\">L\u2019Associazione non persegue nessuno scopo di lucro.\u00a0<\/span><\/p><p><span style=\"color: #000000;\"><b style=\"font-weight: 600;\"><strong style=\"font-style: inherit;\">3.\u00a0 Sede<br \/><\/strong><\/b><span style=\"font-weight: normal;\">L\u2019Associazione ha sede presso il Presidente dell\u2019Associazione.<\/span><\/span><\/p><p><span style=\"color: #000000;\"><span style=\"font-weight: normal;\"><br \/><\/span><b style=\"font-weight: 600;\"><strong style=\"font-style: inherit;\">4.\u00a0 Membri dell\u2019Associazione<br \/><\/strong><\/b><span style=\"font-weight: normal;\">Sono membri tutte Ie persone che condividono gli scopi dell\u2019Associazione e versano una tassa sociale annuale libera. Possono divenire membri anche persone giuridiche.<\/span><\/span><\/p><p style=\"font-weight: 300;\"><span style=\"color: #000000;\"><b style=\"font-weight: 600;\"><strong style=\"font-style: inherit;\">5.\u00a0 Organi<br \/><\/strong><\/b><span style=\"font-weight: normal;\">Gli organi dell\u2019Associazione sono:<br \/><\/span><\/span><\/p><ul><li><span style=\"color: #000000;\"><span style=\"font-weight: inherit; font-style: inherit;\">\u00a0<\/span>l\u2019assemblea generale<\/span><\/li><li><span style=\"color: #000000;\"><span style=\"font-weight: inherit; font-style: inherit;\">\u00a0<\/span>il comitato ristretto<\/span><\/li><li><span style=\"color: #000000;\"><span style=\"font-weight: inherit; font-style: inherit;\">\u00a0<\/span>il comitato allargato<\/span><\/li><li><span style=\"color: #000000;\">la commissione di revisione.<\/span><\/li><\/ul><p style=\"font-weight: 300;\"><span style=\"color: #000000;\"><br \/><b style=\"font-weight: 600;\"><strong style=\"font-style: inherit;\">6.\u00a0 L\u2019Assemblea generale<br \/><\/strong><\/b><span style=\"font-weight: normal;\">L\u2019Assemblea generale, I\u2019organo supremo, si compone dei membri del comitato ristretto, del comitato allargato e di altre persone che desiderano aderire all\u2019Associazione.<\/span><\/span><\/p><p style=\"font-style: inherit; font-weight: 300;\"><span style=\"color: #000000;\"><b><strong style=\"font-style: inherit;\">7.\u00a0 Competenze dell\u2019Assemblea generale<\/strong><\/b><\/span><\/p><ul><li><span style=\"color: #000000;\">\u00a0la nomina del comitato ristretto,<\/span><\/li><li><span style=\"color: #000000;\">\u00a0\u00a0<span style=\"font-style: inherit;\">l\u2019approvazione e la modifica degli statuti,<\/span><\/span><\/li><li><span style=\"color: #000000;\">\u00a0\u00a0<span style=\"font-style: inherit;\">l\u2019approvazione dei conti annuali,<\/span><\/span><\/li><li><span style=\"color: #000000;\">\u00a0\u00a0<span style=\"font-style: inherit;\">l\u2019approvazione del programma di attivit\u00e0,<\/span><\/span><\/li><li><span style=\"color: #000000;\">\u00a0\u00a0<span style=\"font-style: inherit;\">la nomina della commissione di revisione.<\/span><\/span><\/li><\/ul><p><span style=\"color: #000000;\"><b style=\"font-weight: 600;\"><strong style=\"font-style: inherit;\">\u00a0<\/strong><\/b><\/span><\/p><p><span style=\"color: #000000;\"><b style=\"font-weight: 600;\"><strong style=\"font-style: inherit;\">8.\u00a0 Convocazione dell\u2019Assemblea generale<br \/><\/strong><\/b><span style=\"font-weight: normal;\">Viene convocata in seduta ordinaria, 20 giorni prima, almeno una volta l\u2019anno in seduta straordinaria dal\u00a0comitato o su richiesta di almeno 1\/4 degli associati. Ogni membro ha diritto ad un voto. Le persone giuridiche devono designare una persona con diritto di voto.<\/span><\/span><\/p><p><span style=\"color: #000000;\"><span style=\"font-weight: normal;\"><br \/><\/span><b style=\"font-weight: 600;\"><strong style=\"font-style: inherit;\">9.\u00a0 Comitato ristretto<br \/><\/strong><\/b><span style=\"font-weight: normal;\">Il comitato si compone di 7 membri. La designazione del presidente e del vicepresidente avviene al suo interno. II comitato \u00e8 responsabile di perseguire gli scopi deII\u2019Associazione. II comitato delibera alla presenza dei suoi membri; le decisioni dello stesso sono prese alla maggioranza dei presenti. Le attivit\u00e0 di segretariato e di cassiere possono essere assunte da persone esterne al comitato. La durata del mandato \u00e8 annuale con possibilit\u00e0 di rielezione<br \/><\/span><span style=\"font-weight: normal;\">illimitata.<\/span><\/span><\/p><p><span style=\"color: #000000;\"><b style=\"font-weight: 600;\"><strong style=\"font-style: inherit;\">10.\u00a0 Comitato allargato<br \/><\/strong><\/b>Il comitato allargato riunisce le persone disponibili ad impegnarsi in azioni concrete. II comitato allargato, sentito i membri del comitato ristretto, assume delle responsabilit\u00e0 organizzative, di presenza e collabora attivamente per promuovere eventi e manifestazioni.<\/span><\/p><p><span style=\"color: #000000;\"><b style=\"font-weight: 600;\"><strong style=\"font-style: inherit;\">11.\u00a0 Commissione di revisione<br \/><\/strong><\/b><span style=\"font-weight: normal;\">La revisione dei conti \u00e8 affidata a due membri dell\u2019Associazione nominati dall\u2019assemblea per un periodo di 4 anni. Essi sono sempre rieleggibili. I revisori presentano all\u2019assemblea un rapporto sull\u2019andamento finanziario certificando la correttezza e la completezza della contabilit\u00e0.<\/span><\/span><\/p><p><span style=\"color: #000000;\"><b style=\"font-weight: 600;\"><strong style=\"font-style: inherit;\">12.\u00a0 Responsabilit\u00e0 e rappresentanza<br \/><\/strong><\/b><span style=\"font-weight: normal;\">II presidente rappresenta l\u2019Associazione. L\u2019Associazione \u00e8 vincolata dalla firma del presidente o\u00a0da altri membri del comitato delegati dallo stesso. \u00c8 esclusa ogni responsabilit\u00e0 personale dei membri del comitato ristretto e allargato e dei singoli associati.<\/span><\/span><\/p><p style=\"font-style: inherit; font-weight: 300;\"><span style=\"color: #000000;\"><b style=\"font-weight: 600;\"><strong style=\"font-style: inherit;\">13.\u00a0 Finanziamento<br \/><\/strong><\/b><span style=\"font-weight: normal;\">II finanziamento delI\u2019attivit\u00e0 delI\u2019Associazione proviene da:\u00a0 \u00a0<\/span><br \/><\/span><\/p><ul><li><span style=\"color: #000000;\">contributi, donazioni e lasciti di persone giuridiche o fisiche<\/span><\/li><li><span style=\"color: #000000;\">collette<\/span><\/li><li><span style=\"color: #000000;\">quote sociali<\/span><\/li><li><span style=\"color: #000000;\">finanziamento da Enti pubblici<\/span><\/li><\/ul><p><span style=\"color: #000000;\"><b style=\"font-weight: 600;\"><strong style=\"font-style: inherit;\">14.\u00a0 Periodo di gestione<br \/><\/strong><\/b><span style=\"font-weight: normal;\">L\u2019anno amministrativo si apre il 1\u00b0 gennaio e si chiude il 31 dicembre.<\/span><\/span><\/p><p><span style=\"color: #000000;\"><b style=\"font-weight: 600;\"><strong style=\"font-style: inherit;\">15.\u00a0 Scioglimento<br \/><\/strong><\/b><span style=\"font-weight: normal;\">L\u2019Associazione potr\u00e0 essere sciolta solo con decisione dell\u2019assemblea a maggioranza dei 2\/3 (due terzi). In caso di scioglimento deIl\u2019Associazione, il suo patrimonio verr\u00e0 devoluto a\u00a0un&#8217;istituzione al beneficio dell&#8217;esenzione fiscale con scopo similare deciso dall\u2019assemblea.<\/span><\/span><\/p><p><span style=\"color: #000000;\"><span style=\"font-style: inherit;\"><b>16.\u00a0 Norme suppletorie<\/b><br \/><\/span><span style=\"font-weight: normal;\">Per quanto non previsto dal presente statuto, fanno stato le norme imperative suppletorie del CCS.\u00a0<\/span><\/span><\/p><p><span style=\"color: #000000;\"><b style=\"font-weight: 600;\"><strong style=\"font-style: inherit;\">17.\u00a0 Entrata in vigore<br \/><\/strong><\/b><span style=\"font-weight: normal;\">II presente statuto entra in vigore il 2 giugno 2008 e sottoscritto dai soci costitutori. II comitato ristretto \u00e8 composto da: Ugo Cancelli 1) Luciano Codoni 2) Delia Riberti 3) Franco Giovanola 4) Elena Fantin 5) Mimi Lepori Bonetti (2 giugno 2008).<\/span><\/span><\/p><p style=\"font-weight: 300;\"><span style=\"color: #000000;\">Il\u00a0presente statuto \u00e8 stato modificato e approvato dall\u2019Assemblea generale del 15 novembre 2015, con l&#8217;aggiunta a Scopi, dei punti e), f), g) e dall&#8217;Assemblea generale del 13 aprile 2018 all&#8217;art. Scioglimento.<\/span><\/p>\t\t\t\t\t\t\t\t<\/div>\n\t\t\t\t<\/div>\n\t\t\t\t\t<\/div>\n\t\t<\/div>\n\t\t\t\t\t<\/div>\n\t\t<\/section>\n\t\t\t\t<\/div>\n\t\t","protected":false},"excerpt":{"rendered":"<p>1.\u00a0 Ragione socialeCol nome di &#8220;BESSO PULITA!&#8221; \u00e8 costituita un\u2019Associazione ai sensi degli art. 60 e seguenti del CCS. 2.\u00a0 ScopoL\u2019Associazione, che [&hellip;]<\/p>\n","protected":false},"author":3,"featured_media":0,"parent":21,"menu_order":0,"comment_status":"closed","ping_status":"closed","template":"","meta":{"footnotes":""},"class_list":["post-971","page","type-page","status-publish","hentry"],"_links":{"self":[{"href":"https:\/\/www.bessopulita.ch\/index.php\/wp-json\/wp\/v2\/pages\/971","targetHints":{"allow":["GET"]}}],"collection":[{"href":"https:\/\/www.bessopulita.ch\/index.php\/wp-json\/wp\/v2\/pages"}],"about":[{"href":"https:\/\/www.bessopulita.ch\/index.php\/wp-json\/wp\/v2\/types\/page"}],"author":[{"embeddable":true,"href":"https:\/\/www.bessopulita.ch\/index.php\/wp-json\/wp\/v2\/users\/3"}],"replies":[{"embeddable":true,"href":"https:\/\/www.bessopulita.ch\/index.php\/wp-json\/wp\/v2\/comments?post=971"}],"version-history":[{"count":15,"href":"https:\/\/www.bessopulita.ch\/index.php\/wp-json\/wp\/v2\/pages\/971\/revisions"}],"predecessor-version":[{"id":2779,"href":"https:\/\/www.bessopulita.ch\/index.php\/wp-json\/wp\/v2\/pages\/971\/revisions\/2779"}],"up":[{"embeddable":true,"href":"https:\/\/www.bessopulita.ch\/index.php\/wp-json\/wp\/v2\/pages\/21"}],"wp:attachment":[{"href":"https:\/\/www.bessopulita.ch\/index.php\/wp-json\/wp\/v2\/media?parent=971"}],"curies":[{"name":"wp","href":"https:\/\/api.w.org\/{rel}","templated":true}]}}